 -3 - 1 = -v. Let l be 6/(-5)*5/2. Let b = -1 - l. Calculate the remainder when v is divided by b.
0
Suppose -2*l + 150 = l. Calculate the remainder when l is divided by 17.
16
What is the remainder when (-4)/10 + (-97)/(-5) is divided by (-6 - -2)/(4/(-10))?
9
Let t = -24 + 72. Suppose t = 4*y - 32. What is the remainder when (-1640)/(-28) - (-3)/7 is divided by y?
19
Suppose 2*l - 3*l = -1. Suppose -5*r + 20 = -d, 5*d - l = r + 19. Suppose -4*x + 2*o = -2, 0*x - o = 2*x - 11. Calculate the remainder when d is divided by x.
2
Suppose -66 = -3*x - 18. Suppose 11 = 3*h - 16. What is the remainder when x is divided by h?
7
Suppose -3*a = 5*o - 306, -2*o + 128 = -0*a + 4*a. What is the remainder when o is divided by 21?
18
Suppose -2*y + 0*y - 22 = -2*l, 0 = 3*y + 3*l + 3. Let k(m) = -2*m + 7. Suppose -10 = -4*g + 30. What is the remainder when k(y) is divided by g?
9
Suppose 5*x - 5*b - 177 - 358 = 0, -x + 122 = 2*b. What is the remainder when x is divided by 39?
34
Let f(k) = -k**3 + 4*k**2 + 4*k + 2. Let m(d) = -66*d + 1. Let z be m(-4). Suppose -i + z = 4*i. What is the remainder when i is divided by f(4)?
17
Suppose -4*z + 5*z = 15. Suppose 3*q = -2*q + z. Let b = 10 + -5. Calculate the remainder when b is divided by q.
2
Let t(b) = 2*b**2 - b - 1. Let f(x) = x**3 - 20*x**2 - 70*x + 31. What is the remainder when f(23) is divided by t(2)?
3
Let r(z) = z**3 - 18*z**2 + 23*z. Calculate the remainder when r(17) is divided by 26/(-3)*(-4 + 1).
24
Let m(h) = 44*h**3 + h**2 + h + 1. Let f be m(-1). Let a = -5 - f. Calculate the remainder when a is divided by 20.
18
Suppose 4*v - 13 = 15. Let k be ((-12)/(-5))/(3/(-15)). Let z = -9 - k. What is the remainder when v is divided by z?
1
Suppose -2*z + d - 42 = -4*z, 0 = -5*z + d + 98. Suppose -q - 2*q + 8 = 5*w, -5*q + 45 = 2*w. Calculate the remainder when z is divided by q.
9
Suppose -4*v = -5*o - 7*v + 637, 3*v = 5*o - 643. Calculate the remainder when o is divided by 46.
36
Let b(r) = -8 - 6*r + 7 - r**3 + 7*r**2 + 0*r**3 + 4. Let s be b(4). Let h = -4 + s. What is the remainder when 45 is divided by h?
22
Suppose -n - 2 = -10. What is the remainder when 10 - (-1 + (1 + 1)*-2) is divided by n?
7
Suppose -q + 192 = 2*q. Suppose -4*j + 5*c + 67 = 0, -3*j + 3*c + q = 13. Calculate the remainder when j is divided by 10.
8
Let v(r) = 25*r. Suppose 3*f - 8*f = -5. Let a be v(f). Let q = 54 - a. Calculate the remainder when q is divided by 10.
9
Suppose -4*a = 20 - 64. Let t(u) = -7*u + 4. Let h be t(2). What is the remainder when ((-24)/h)/(2/35) is divided by a?
9
Suppose -4*u = -2*u - 18. What is the remainder when 26 is divided by u?
8
Let k = -15 - -50. Suppose k = 4*f - 5. Suppose 0 = -3*p + 25 - 13. Calculate the remainder when f is divided by p.
2
Suppose 3*n = -5*t + 145, 4*t - 79 = 2*t + 3*n. Let d = 50 + -33. What is the remainder when t is divided by d?
15
Suppose 11*r = 14*r - 45. Let x = 29 + 28. What is the remainder when x is divided by r?
12
Suppose 2*o + 141 = 5*f, -4*f + o = -2*o - 110. What is the remainder when 52 is divided by f?
23
Let p = -7 + 35. What is the remainder when p/(-6)*15/(-2) is divided by 12?
11
Suppose 5*d + 337 - 28 = 4*t, 0 = -4*t + 4*d + 308. Let s = t - 32. Calculate the remainder when s is divided by 15.
14
Let k be (9/(-2))/(1/2). Let s(a) = -4*a - 7. Calculate the remainder when s(k) is divided by 10.
9
Let d be 428/(-5) + 2/(-5). What is the remainder when (0 - d)*(-1)/(-2) is divided by 15?
13
Suppose 0 = 3*y - 12, 3*j - 2*j = -5*y + 34. What is the remainder when 0 + -1*2 - -41 is divided by j?
11
Calculate the remainder when 189 is divided by 1*2 - 9/(63/(-56)).
9
Suppose -5*r + 67 = -143. What is the remainder when r is divided by 15?
12
Suppose -2*g + 0*g + 6 = 0. Let a(l) = l + 16. Calculate the remainder when a(-9) is divided by g.
1
Suppose -4*z = -91 + 15. What is the remainder when z is divided by 5?
4
Suppose 2*w + w = 18. Suppose -14 = -8*x + w*x. Calculate the remainder when 20 is divided by x.
6
Let d(y) = y**3 + 7*y**2 - 1. Suppose -w + 11 = -2*w + n, 35 = -5*w + n. What is the remainder when 68 is divided by d(w)?
33
Let t = 4 - 4. Suppose t = 2*v - 5*v + 66. Let i = -9 + 21. What is the remainder when v is divided by i?
10
Suppose -3*x - x = -2*g - 2, 4*x = 12. What is the remainder when 18 is divided by g?
3
Suppose -4*g + 0*g = -4*u + 24, u = -3*g - 2. Suppose 2*o - 8 = -u. What is the remainder when 4 is divided by o?
0
Let c(x) be the first derivative of -x**2 + 9*x + 7. What is the remainder when ((-9)/(-2))/((-6)/(-32)) is divided by c(0)?
6
What is the remainder when (1*6/4)/(1/18) is divided by 14?
13
Let g(h) = -h**3 + 10*h**2 + 3*h - 2. What is the remainder when g(10) is divided by 10?
8
Suppose 0*o - 2*o - 4*i = -36, 5*o = -5*i + 65. Suppose -5*u + 4*u = -o. Let g(j) = j**2 - 8*j + 9. What is the remainder when g(u) is divided by 5?
4
Let t be ((-6)/(-4))/((-2)/(-4)). Suppose 7*n - 38 = 249. Suppose n = t*y - m, -y + 4*m = -2 - 8. What is the remainder when 25 is divided by y?
11
Let f(r) = r**2 + 8*r - 14. Calculate the remainder when f(4) is divided by 10.
4
Let q = -4 + 15. What is the remainder when q is divided by 7?
4
Suppose 0*x - 2*x + 20 = 0. Suppose -3*k = -x - 41. What is the remainder when 33 is divided by k?
16
Let f(i) = i - 2. Calculate the remainder when ((-4)/2)/(4/(-8)) is divided by f(5).
1
Suppose c - 30 = 5*c + 5*p, -p = 4*c + 22. Calculate the remainder when (-1 - c)*(3 - 2) is divided by 2.
0
What is the remainder when 8/20 + 388/5 is divided by 20?
18
Let z be ((-82)/(-8))/((-5)/20). Let a = 60 + z. Suppose -s + a = 3*w + 3, 3*s = 4*w + 22. Calculate the remainder when 29 is divided by s.
9
What is the remainder when (2/4)/(8/2608) is divided by 41?
40
Let x(j) = 15*j - 11. Let s(i) = -7*i + 4. Let f be s(-4). Suppose 4*u + 11 = -m, -3*m = -7*m + 3*u + f. Calculate the remainder when x(2) is divided by m.
4
Suppose -4*n = 3*l - 74, 4*l = l + 4*n + 34. Calculate the remainder when 49 is divided by l.
13
Suppose -2*y = y - 5*t - 47, 2*y + 2*t = 10. What is the remainder when 44 is divided by y?
8
Let t be (-5)/(-10) - (-6)/4. Suppose -2*h + 40 = 3*p, t*p - 13 - 2 = h. What is the remainder when 28 is divided by p?
8
Let x = -21 + 33. What is the remainder when 34 is divided by x?
10
Suppose -z + 26 = -5*u, 4*u + 4 = 2*z - 24. Calculate the remainder when 11 is divided by z.
5
Let l be 8/36 - (-140)/18. Let t = l - -54. What is the remainder when t is divided by 21?
20
Suppose -3*p - 119 = -5*j, -2*p + 9 = -4*j + 103. What is the remainder when j is divided by 8?
6
Let p = -9 + 15. Suppose -5*r - f = -17 - 2, -5*f = -5*r + 25. Suppose r*q - 8 = 4*i, -3*q + 10 = i - 4. What is the remainder when p is divided by q?
2
Let w(t) = t**2 - 8*t - 3. Let s be w(11). Suppose 4*q - 2*q = s. What is the remainder when 43 is divided by q?
13
Let h(g) = g**3 + 7*g**2 - 2*g - 6. Let b = -14 - -7. Calculate the remainder when h(b) is divided by 5.
3
Suppose -6*f = -10*f + 48. Calculate the remainder when f is divided by 5.
2
Let i(l) = -4*l - 1. Suppose 5*x + 42 = q, -4*q - x + 143 = 4*x. What is the remainder when q is divided by i(-5)?
18
Let g be ((-6)/(-4))/((-5)/(-40)). What is the remainder when 3 is divided by (-7)/42 + 38/g?
0
Suppose -2*f = -5*a + 4*a - 7, 5*a = -2*f + 13. Suppose -3*o + 3 = 9, -3*h + 21 = -3*o. Calculate the remainder when h is divided by f.
1
Suppose 0 = 37*t - 36*t - 17. Calculate the remainder when 38 is divided by t.
4
Let y(q) = -q**2 + 2*q + 6. What is the remainder when 9 is divided by y(3)?
0
Suppose 0 = -3*g + 4*f + 25, 0 = -g - 3*f + 17 - 0. What is the remainder when 30 is divided by g?
8
Let r be ((-3)/1)/(3/(-3)). Suppose -3*c + 78 - r = 0. Let n = 89 - 76. What is the remainder when c is divided by n?
12
Let f(w) = -4*w - 4. What is the remainder when f(-7) is divided by 13?
11
Let u(z) = -1 + z + 0 - z**2 - 13*z - 5. Calculate the remainder when 40 is divided by u(-10).
12
Let w be (1 + 0)*98/1. Suppose -w = -4*n + 2*j, n - 4*j + 90 = 6*n. Suppose -4*y + 10 = -n. What is the remainder when y is divided by 3?
2
Suppose -3 = -3*o + 3. Suppose 16 + 14 = o*q. Suppose -2*w - 2*x + 6 = -4*x, 0 = -5*w - 5*x + 45. What is the remainder when q is divided by w?
3
Suppose -14*y + 11*y + 39